{"id":84,"date":"2019-12-20T20:48:24","date_gmt":"2019-12-20T20:48:24","guid":{"rendered":"http:\/\/musikschule-kalinski.de\/?page_id=84"},"modified":"2022-06-10T10:45:54","modified_gmt":"2022-06-10T08:45:54","slug":"home","status":"publish","type":"page","link":"https:\/\/musikschule-kalinski.de\/","title":{"rendered":"Startseite"},"content":{"rendered":"<section class=\"l-section wpb_row height_medium\"><div class=\"l-section-h i-cf\"><div class=\"g-cols vc_row via_flex valign_top type_default stacking_default\"><div class=\"vc_col-sm-3 wpb_column vc_column_container has_bg_color\"><div class=\"vc_column-inner us_custom_4fb9e5a3\"><div class=\"wpb_wrapper\"><div class=\"w-image align_none\"><div class=\"w-image-h\"><img loading=\"lazy\" decoding=\"async\" width=\"800\" height=\"595\" src=\"https:\/\/musikschule-kalinski.de\/wp-content\/uploads\/2019\/12\/stefan_kalinski.jpg\" class=\"attachment-large size-large\" alt=\"Stefan Kalinski\" srcset=\"https:\/\/musikschule-kalinski.de\/wp-content\/uploads\/2019\/12\/stefan_kalinski.jpg 800w, https:\/\/musikschule-kalinski.de\/wp-content\/uploads\/2019\/12\/stefan_kalinski-300x223.jpg 300w\" sizes=\"auto, (max-width: 800px) 100vw, 800px\" \/><\/div><\/div><div class=\"wpb_text_column\"><div class=\"wpb_wrapper\"><p><em>Stefan Kalinski, Leiter der Musikschule und Musiklehrer<\/em><\/p>\n<\/div><\/div><\/div><\/div><\/div><div class=\"vc_col-sm-9 wpb_column vc_column_container\"><div class=\"vc_column-inner\"><div class=\"wpb_wrapper\"><div class=\"wpb_text_column\"><div class=\"wpb_wrapper\"><h1><strong>Herzlich Willkommen bei der Musikschule Kalinski in Harsefeld!<\/strong><\/h1>\n<p>In unserer Musikschule erwartet Sie ein umfangreiches Kursangebot f\u00fcr musikinteressierte Kinder, Jugendliche und Erwachsene.<\/p>\n<p>Ob Anf\u00e4nger, die Noten und ein Instrument lernen m\u00f6chten, ob Fortgeschrittene, die ihren Musikstil verbessern wollen oder Wiedereinsteiger, die erneut Lust am Musizieren entdeckt haben, finden in unserer Musikschule ein f\u00fcr ihre W\u00fcnsche passendes Kursangebot.<\/p>\n<p>Die Kurse sind individuell auf unsere Sch\u00fcler abgestimmt. W\u00e4hlen Sie zwischen Einzel- oder Gruppenunterricht.<\/p>\n<p>Sehr viel Wert legen wir auf die Qualifikation unserer Musiklehrer. Mit Geduld, Fachwissen und K\u00f6nnen entwickeln oder verbessern sie Ihren unverwechselbaren Musikstil.<\/p>\n<p>Die Zufriedenheit unserer Sch\u00fcler ist f\u00fcr uns Best\u00e4tigung, dass wir einen richtigen Weg gefunden haben, Spa\u00df und Freude am Musizieren zu vermitteln.<\/p>\n<p style=\"text-align: center;\"><strong>Herzliche Gr\u00fc\u00dfe<br \/>\n<\/strong><strong>Stefan Kalinski und Team<\/strong><\/p>\n<\/div><\/div><\/div><\/div><\/div><\/div><\/div><\/section>\n","protected":false},"excerpt":{"rendered":"Stefan Kalinski, Leiter der Musikschule und Musiklehrer Herzlich Willkommen bei der Musikschule Kalinski in Harsefeld! In unserer Musikschule erwartet Sie ein umfangreiches Kursangebot f\u00fcr musikinteressierte Kinder, Jugendliche und Erwachsene. Ob Anf\u00e4nger, die Noten und ein Instrument lernen m\u00f6chten, ob Fortgeschrittene, die ihren Musikstil verbessern wollen oder Wiedereinsteiger, die erneut Lust am Musizieren entdeckt haben, finden...","protected":false},"author":1,"featured_media":0,"parent":0,"menu_order":0,"comment_status":"closed","ping_status":"closed","template":"","meta":{"footnotes":""},"class_list":["post-84","page","type-page","status-publish","hentry"],"_links":{"self":[{"href":"https:\/\/musikschule-kalinski.de\/index.php?rest_route=\/wp\/v2\/pages\/84","targetHints":{"allow":["GET"]}}],"collection":[{"href":"https:\/\/musikschule-kalinski.de\/index.php?rest_route=\/wp\/v2\/pages"}],"about":[{"href":"https:\/\/musikschule-kalinski.de\/index.php?rest_route=\/wp\/v2\/types\/page"}],"author":[{"embeddable":true,"href":"https:\/\/musikschule-kalinski.de\/index.php?rest_route=\/wp\/v2\/users\/1"}],"replies":[{"embeddable":true,"href":"https:\/\/musikschule-kalinski.de\/index.php?rest_route=%2Fwp%2Fv2%2Fcomments&post=84"}],"version-history":[{"count":13,"href":"https:\/\/musikschule-kalinski.de\/index.php?rest_route=\/wp\/v2\/pages\/84\/revisions"}],"predecessor-version":[{"id":156,"href":"https:\/\/musikschule-kalinski.de\/index.php?rest_route=\/wp\/v2\/pages\/84\/revisions\/156"}],"wp:attachment":[{"href":"https:\/\/musikschule-kalinski.de\/index.php?rest_route=%2Fwp%2Fv2%2Fmedia&parent=84"}],"curies":[{"name":"wp","href":"https:\/\/api.w.org\/{rel}","templated":true}]}}