{"id":40,"date":"2019-12-20T19:58:00","date_gmt":"2019-12-20T19:58:00","guid":{"rendered":"http:\/\/musikschule-kalinski.de\/?page_id=40"},"modified":"2019-12-20T19:58:00","modified_gmt":"2019-12-20T19:58:00","slug":"linda-russell","status":"publish","type":"page","link":"https:\/\/musikschule-kalinski.de\/?page_id=40","title":{"rendered":"Linda Russell"},"content":{"rendered":"<section class=\"l-section wpb_row height_medium\"><div class=\"l-section-h i-cf\"><div class=\"g-cols vc_row via_flex valign_top type_default stacking_default\"><div class=\"vc_col-sm-6 wpb_column vc_column_container\"><div class=\"vc_column-inner\"><div class=\"wpb_wrapper\"><div class=\"w-image align_none us_animate_aft\"><div class=\"w-image-h\"><img loading=\"lazy\" decoding=\"async\" width=\"300\" height=\"433\" src=\"https:\/\/musikschule-kalinski.de\/wp-content\/uploads\/2019\/12\/linda_russell.jpg\" class=\"attachment-large size-large\" alt=\"Linda Russell\" srcset=\"https:\/\/musikschule-kalinski.de\/wp-content\/uploads\/2019\/12\/linda_russell.jpg 300w, https:\/\/musikschule-kalinski.de\/wp-content\/uploads\/2019\/12\/linda_russell-208x300.jpg 208w\" sizes=\"auto, (max-width: 300px) 100vw, 300px\" \/><\/div><\/div><\/div><\/div><\/div><div class=\"vc_col-sm-6 wpb_column vc_column_container\"><div class=\"vc_column-inner\"><div class=\"wpb_wrapper\"><div class=\"wpb_text_column\"><div class=\"wpb_wrapper\"><h1>Linda Russell<\/h1>\n<h3 class=\"Stil1\">Violinenunterricht<\/h3>\n<p>&#8222;Wir brauchen kein Autoradio, wir singen selbst.&#8220; Dieser Anspruch meines Vaters war der Anfang meiner musikalischen Ausbildung. Auf diese Weise erlernte ich seit fr\u00fchester Kindheit Lieder, Kanons und mehrstimmige Chors\u00e4tze &#8211; ganz nebenbei &#8211; im Auto.<\/p>\n<ul>\n<li>Seit dem 7. Lebensjahr Auftritte mit Kinder- und Jugendch\u00f6ren.<\/li>\n<li>Klavier- und Geigenunterricht, Teilnahme bei &#8222;Jugend musiziert&#8220;, Mitwirkung im Jugendorchester und Stader Kammerorchester unter der Leitung von Gerhard Grimpe.<\/li>\n<li>Studium an der Hochschule f\u00fcr Musik Hannover\/Osnabr\u00fcck, Violine bei Hedwig Thierfelder und Marcel Charpentier, Klavier bei Ljuba Dimowa-Florian. Abschluss als Diplom-Instrumentallehrerin.<\/li>\n<li>Unterrichtst\u00e4tigkeit an der Musikschule Emden sowie Leitung einer privaten Violinklasse.<\/li>\n<li>Violinstudium bei Wolfram K\u00f6nig<\/li>\n<li>Kammermusikkurse und Auftritte mit Kammerorchestern, u.a. Mitglied im Orchester des Festivals &#8222;Musikalischer Sommer in Ostfriesland&#8220; e.V.<\/li>\n<li>Leitung der Kammermusikreihe &#8222;Musikfreunde in Ostfriesland e.V.&#8220;<\/li>\n<li>2009 &#8211; 2011 Lehrerin an der Kreisjugendmusikschule Stade.<\/li>\n<li>Seit 2011 selbst\u00e4ndig als Musiklehrerin f\u00fcr Violine und Klavier.<\/li>\n<\/ul>\n<\/div><\/div><\/div><\/div><\/div><\/div><\/div><\/section>\n","protected":false},"excerpt":{"rendered":"Linda Russell Violinenunterricht &#8222;Wir brauchen kein Autoradio, wir singen selbst.&#8220; Dieser Anspruch meines Vaters war der Anfang meiner musikalischen Ausbildung. Auf diese Weise erlernte ich seit fr\u00fchester Kindheit Lieder, Kanons und mehrstimmige Chors\u00e4tze &#8211; ganz nebenbei &#8211; im Auto. Seit dem 7. Lebensjahr Auftritte mit Kinder- und Jugendch\u00f6ren. Klavier- und Geigenunterricht, Teilnahme bei &#8222;Jugend musiziert&#8220;,...","protected":false},"author":1,"featured_media":0,"parent":0,"menu_order":0,"comment_status":"closed","ping_status":"closed","template":"","meta":{"footnotes":""},"class_list":["post-40","page","type-page","status-publish","hentry"],"_links":{"self":[{"href":"https:\/\/musikschule-kalinski.de\/index.php?rest_route=\/wp\/v2\/pages\/40","targetHints":{"allow":["GET"]}}],"collection":[{"href":"https:\/\/musikschule-kalinski.de\/index.php?rest_route=\/wp\/v2\/pages"}],"about":[{"href":"https:\/\/musikschule-kalinski.de\/index.php?rest_route=\/wp\/v2\/types\/page"}],"author":[{"embeddable":true,"href":"https:\/\/musikschule-kalinski.de\/index.php?rest_route=\/wp\/v2\/users\/1"}],"replies":[{"embeddable":true,"href":"https:\/\/musikschule-kalinski.de\/index.php?rest_route=%2Fwp%2Fv2%2Fcomments&post=40"}],"version-history":[{"count":1,"href":"https:\/\/musikschule-kalinski.de\/index.php?rest_route=\/wp\/v2\/pages\/40\/revisions"}],"predecessor-version":[{"id":42,"href":"https:\/\/musikschule-kalinski.de\/index.php?rest_route=\/wp\/v2\/pages\/40\/revisions\/42"}],"wp:attachment":[{"href":"https:\/\/musikschule-kalinski.de\/index.php?rest_route=%2Fwp%2Fv2%2Fmedia&parent=40"}],"curies":[{"name":"wp","href":"https:\/\/api.w.org\/{rel}","templated":true}]}}